2) to base 12.
30
1 (base 11) to base 9
1
4 (base 6) to base 12
4
Convert 21 (base 14) to base 7.
41
Convert -2 (base 4) to base 13.
-2
20 (base 12) to base 16
18
What is 11 (base 11) in base 2?
1100
Convert -31 (base 6) to base 11.
-18
What is 1 (base 6) in base 10?
1
Convert 0 (base 15) to base 10.
0
Convert 4 (base 12) to base 9.
4
What is -4 (base 6) in base 9?
-4
-1210 (base 3) to base 10
-48
What is -2012 (base 3) in base 15?
-3e
What is -2 (base 8) in base 12?
-2
What is -1 (base 7) in base 9?
-1
What is 441 (base 5) in base 16?
79
What is -42 (base 9) in base 7?
-53
Convert -3 (base 7) to base 16.
-3
What is -1a (base 13) in base 4?
-113
1000100 (base 2) to base 6
152
What is 0 (base 10) in base 2?
0
Convert 74 (base 9) to base 7.
124
What is -1000010 (base 2) in base 10?
-66
Convert -15 (base 10) to base 9.
-16
What is 11 (base 8) in base 2?
1001
Convert -176 (base 13) to base 3.
-100212
Convert 12 (base 9) to base 16.
b
What is -4 (base 10) in base 15?
-4
343 (base 8) to base 11
197
ab (base 16) to base 14
c3
What is 3 (base 7) in base 5?
3
-4 (base 12) to base 14
-4
-4 (base 16) to base 13
-4
What is 43 (base 16) in base 10?
67
62 (base 13) to base 10
80
122 (base 6) to base 10
50
3 (base 12) to base 16
3
-1 (base 12) to base 4
-1
What is 102212 (base 3) in base 2?
101000000
What is 1 (base 3) in base 4?
1
9 (base 11) to base 14
9
Convert 2 (base 5) to base 11.
2
Convert -100022 (base 3) to base 13.
-164
What is -10111 (base 2) in base 4?
-113
0 (base 14) to base 10
0
What is 3 (base 16) in base 13?
3
-111 (base 8) to base 10
-73
Convert 2 (base 10) to base 16.
2
11 (base 3) to base 16
4
Convert 142 (base 7) to base 6.
211
Convert 0 (base 13) to base 12.
0
Convert 50 (base 11) to base 14.
3d
Convert -2 (base 8) to base 13.
-2
Convert -25 (base 10) to base 11.
-23
Convert -3 (base 10) to base 5.
-3
31 (base 12) to base 2
100101
What is -3 (base 9) in base 13?
-3
What is 6 (base 9) in base 3?
20
What is -9 (base 12) in base 7?
-12
-145 (base 6) to base 13
-50
3 (base 15) to base 6
3
0 (base 16) to base 11
0
Convert 322 (base 10) to base 3.
102221
Convert -4 (base 6) to base 3.
-11
Convert 165 (base 7) to base 13.
75
What is -2 (base 10) in base 2?
-10
Convert 2a (base 15) to base 8.
50
Convert -354 (base 8) to base 4.
-3230
Convert 0 (base 13) to base 5.
0
-1 (base 10) to base 12
-1
30 (base 11) to base 2
100001
-1012 (base 3) to base 12
-28
11 (base 7) to base 13
8
10 (base 4) to base 5
4
Convert -3 (base 10) to base 7.
-3
What is -3 (base 9) in base 11?
-3
Convert 2 (base 6) to base 12.
2
Convert 1110 (base 4) to base 14.
60
Convert 33 (base 13) to base 12.
36
Convert -252 (base 6) to base 11.
-95
What is 123 (base 7) in base 8?
102
What is -110 (base 2) in base 15?
-6
1111101 (base 2) to base 16
7d
What is e (base 16) in base 5?
24
What is 4 (base 10) in base 11?
4
What is 323 (base 4) in base 9?
65
Convert 108 (base 9) to base 6.
225
Convert 7 (base 13) to base 5.
12
Convert -10000 (base 2) to base 9.
-17
Convert 2 (base 14) to base 11.
2
What is -71 (base 10) in base 14?
-51
-101 (base 3) to base 11
-a
110 (base 3) to base 12
10
Convert 4 (base 14) to base 4.
10
What is -437 (base 9) in base 11?
-2a6
Convert -1 (base 4) to base 14.
-1
31 (base 15) to base 3
1201
0 (base 15) to base 12
0
What is -4 (base 7) in base 15?
-4
What is -23 (base 5) in base 3?
-111
What is -4 (base 5) in base 15?
-4
Convert -65 (base 16) to base 15.
-6b
What is 13 (base 14) in base 5?
32
What is -211 (base 4) in base 11?
-34
0 (base 10) to base 14
0
What is 54 (base 12) in base 15?
44
5 (base 14) to base 8
5
Convert 4 (base 12) to base 11.
4
Convert 18 (base 10) to base 9.
20
-43 (base 5) to base 8
-27
Convert -11 (base 16) to base 12.
-15
Convert -47 (base 15) to base 6.
-151
-1034 (base 6) to base 12
-17a
What is 17 (base 8) in base 10?
15
34 (base 14) to base 12
3a
What is 3 (base 13) in base 12?
3
Convert -445 (base 6) to base 16.
-ad
3100 (base 4) to base 9
251
Convert -b (base 13) to base 7.
-14
Convert -101 (base 4) to base 11.
-16
Convert 10 (base 12) to base 11.
11
What is 11 (base 3) in base 7?
4
What is 4 (base 9) in base 4?
10
What is 15 (base 9) in base 16?
e
What is 2 (base 4) in base 16?
2
Convert 0 (base 13) to base 11.
0
What is -2 (base 5) in base 9?
-2
Convert -36 (base 13) to base 12.
-39
What is 3a (base 13) in base 3?
1211
57 (base 13) to base 10
72
5 (base 10) to base 7
5
1100 (base 5) to base 15
a0
What is -8 (base 13) in base 7?
-11
What is 10011 (base 2) in base 3?
201
What is 1100 (base 2) in base 16?
c
3 (base 14) to base 10
3
Convert 1a (base 14) to base 7.
33
Convert -1 (base 15) to base 13.
-1
-212 (base 8) to base 16
-8a
-7 (base 9) to base 15
-7
-15 (base 11) to base 13
-13
30 (base 13) to base 15
29
What is -90 (base 10) in base 16?
-5a
-2 (base 11) to base 13
-2
7 (base 13) to base 15
7
What is 33 (base 5) in base 8?
22
0 (base 14) to base 15
0
Convert 202 (base 6) to base 3.
2202
-2 (base 7) to base 16
-2
-12 (base 5) to base 7
-10
Convert -421 (base 7) to base 14.
-111
0 (base 13) to base 2
0
Convert -2 (base 14) to base 7.
-2
What is -6 (base 7) in base 15?
-6
Convert 36 (base 12) to base 3.
1120
3 (base 7) to base 6
3
-65 (base 12) to base 16
-4d
Convert 23 (base 8) to base 15.
14
-4 (base 13) to base 6
-4
0 (base 13) to base 12
0
11 (base 5) to base 12
6
5 (base 11) to base 5
10
What is -72 (base 8) in base 6?
-134
What is 7 (base 12) in base 10?
7
13 (base 6) to base 14
9
What is d (base 16) in base 12?
11
What is 5a (base 11) in base 16?
41
87 (base 10) to base 14
63
-222 (base 3) to base 16
-1a
What is -1001 (base 2) in base 5?
-14
6 (base 12) to base 5
11
10 (base 2) to base 10
2
What is -1102 (base 3) in base 10?
-38
What is -3 (base 13) in base 12?
-3
Convert 310 (base 5) to base 6.
212
Convert -69 (base 16) to base 6.
-253
10010 (base 2) to base 6
30
-13 (base 4) to base 6
-11
Convert -103 (base 4) to base 15.
-14
What is -1 (base 6) in base 11?
-1
Convert 2 (base 3) to base 7.
2
What is 42 (base 6) in base 8?
32
7 (base 9) to base 8
7
-5 (base 8) to base 12
-5
Convert 15 (base 9) to base 14.
10
What is -9 (base 13) in base 10?
-9
-24 (base 8) to base 13
-17
What is a0 (base 16) in base 2?
10100000
What is 0 (base 11) in base 13?
0
What is 79 (base 13) in base 4?
1210
Convert 3 (base 14) to base 12.
3
Convert 32 (base 9) to base 14.
21
Convert 2 (base 6) to base 16.
2
-40 (base 5) to base 9
-22
Convert -1 (base 12) to base 6.
-1
What is 22 (base 4) in base 11?
a
12 (base 3) to base 2
101
What is 11 (base 4) in base 8?
5
-74 (base 14) to base 9
-123
What is -15 (base 8) in base 2?
-1101
-4 (base 8) to base 11
-4
What is -3b (base 15) in base 16?
-38
45 (base 9) to base 15
2b
Convert -5 (base 16) to base 9.
-5
What is 1110111 (base 2) in base 9?
142
3 (base 14) to base 11
3
What is -333 (base 4) in base 15?
-43
What is 88 (base 16) in base 2?
10001000
What is 78 (base 9) in base 2?
1000111
What is 11212 (base 3) in base 12?
ab
Convert -37 (base 13) to base 9.
-51
What is 6 (base 11) in base 14?
6
Convert -111 (base 4) to base 2.
-10101
What is 7 (base 14) in base 6?
11
-23 (base 14) to base 7
-43
Convert 3 (base 6) to base 13.
3
4 (base 12) to base 14
4
What is 104 (base 6) in base 10?
40
What is -1001111 (base 2) in base 11?
-72
Convert 6 (base 14) to base 15.
6
What is 8 (base 15) in base 6?
12
What is 4 (base 12) in base 16?
4
What is -96 (base 11) in base 6?
-253
What is c (base 14) in base 13?
c
What is 60 (base 10) in base 8?
74
What is 9 (base 13) in base 8?
11
Convert -3 (base 12) to base 16.
-3
-213 (base 7) to base 12
-90
Convert 5 (base 14) to base 15.
5
What is 2 (base 4) in base 5?
2
-162 (base 7) to base 3
-10110
Convert -20 (base 7) to base 8.
-16
Convert -2 (base 11) to base 12.
-2
Convert -1 (base 11) to base 6.
-1
-82 (base 10) to base 7
-145
Convert 0 (base 6) to base 2.
0
Convert -16 (base 7) to base 12.
-11
Convert 17 (base 15) to base 7.
31
-2 (base 10) to base 7
-2
What is -103 (base 6) in base 16?
-27
4d (base 16) to base 13
5c
Convert -5b (base 14) to base 8.
-121
What is -3 (base 16) in base 11?
-3
Convert -1 (base 8) to base 11.
-1
Convert 11220 (base 3) to base 10.
132
-10 (base 6) to base 3
-20
-111 (base 2) to base 6
-11
What is -1213 (base 4) in base 12?
-87
Convert -22 (bas